culate the remainder when 693 is divided by 91.
56
Calculate the remainder when 85 is divided by 59.
26
Calculate the remainder when 1734 is divided by 14.
12
What is the remainder when 257 is divided by 97?
63
What is the remainder when 253 is divided by 57?
25
Calculate the remainder when 368 is divided by 11.
5
Calculate the remainder when 876 is divided by 13.
5
What is the remainder when 1716 is divided by 3?
0
Calculate the remainder when 1740 is divided by 16.
12
What is the remainder when 488 is divided by 134?
86
Calculate the remainder when 98 is divided by 42.
14
Calculate the remainder when 3466 is divided by 34.
32
Calculate the remainder when 518 is divided by 104.
102
What is the remainder when 10242 is divided by 42?
36
Calculate the remainder when 615 is divided by 12.
3
Calculate the remainder when 56 is divided by 15.
11
Calculate the remainder when 591 is divided by 35.
31
Calculate the remainder when 571 is divided by 278.
15
What is the remainder when 180 is divided by 70?
40
What is the remainder when 202 is divided by 96?
10
Calculate the remainder when 536 is divided by 86.
20
What is the remainder when 305 is divided by 101?
2
Calculate the remainder when 2771 is divided by 126.
125
Calculate the remainder when 78 is divided by 10.
8
What is the remainder when 235 is divided by 41?
30
Calculate the remainder when 633 is divided by 62.
13
Calculate the remainder when 3949 is divided by 246.
13
Calculate the remainder when 2293 is divided by 96.
85
What is the remainder when 174 is divided by 54?
12
Calculate the remainder when 81 is divided by 41.
40
Calculate the remainder when 440 is divided by 140.
20
What is the remainder when 3033 is divided by 12?
9
What is the remainder when 637 is divided by 333?
304
What is the remainder when 12104 is divided by 269?
268
Calculate the remainder when 5932 is divided by 165.
157
Calculate the remainder when 109 is divided by 19.
14
Calculate the remainder when 2836 is divided by 203.
197
Calculate the remainder when 233 is divided by 70.
23
What is the remainder when 36 is divided by 15?
6
What is the remainder when 4018 is divided by 60?
58
Calculate the remainder when 86 is divided by 24.
14
Calculate the remainder when 129 is divided by 3.
0
Calculate the remainder when 276 is divided by 35.
31
What is the remainder when 720 is divided by 103?
102
What is the remainder when 2046 is divided by 19?
13
What is the remainder when 908 is divided by 26?
24
What is the remainder when 158 is divided by 15?
8
What is the remainder when 133 is divided by 31?
9
Calculate the remainder when 12436 is divided by 33.
28
What is the remainder when 251 is divided by 127?
124
Calculate the remainder when 588 is divided by 194.
6
Calculate the remainder when 8173 is divided by 73.
70
What is the remainder when 131 is divided by 66?
65
What is the remainder when 5641 is divided by 1880?
1
Calculate the remainder when 1300 is divided by 118.
2
Calculate the remainder when 78 is divided by 22.
12
What is the remainder when 800 is divided by 763?
37
What is the remainder when 1002 is divided by 15?
12
Calculate the remainder when 823 is divided by 34.
7
Calculate the remainder when 517 is divided by 155.
52
Calculate the remainder when 675 is divided by 97.
93
Calculate the remainder when 60 is divided by 20.
0
What is the remainder when 299 is divided by 28?
19
Calculate the remainder when 48 is divided by 22.
4
Calculate the remainder when 993 is divided by 490.
13
Calculate the remainder when 3873 is divided by 27.
12
Calculate the remainder when 1105 is divided by 264.
49
What is the remainder when 329 is divided by 55?
54
Calculate the remainder when 29 is divided by 25.
4
Calculate the remainder when 2192 is divided by 157.
151
Calculate the remainder when 361 is divided by 172.
17
Calculate the remainder when 397 is divided by 386.
11
Calculate the remainder when 550 is divided by 160.
70
What is the remainder when 1427 is divided by 37?
21
What is the remainder when 147 is divided by 17?
11
What is the remainder when 506 is divided by 35?
16
What is the remainder when 955 is divided by 46?
35
What is the remainder when 401 is divided by 29?
24
Calculate the remainder when 1449 is divided by 188.
133
Calculate the remainder when 327 is divided by 110.
107
What is the remainder when 51786 is divided by 283?
280
What is the remainder when 123 is divided by 5?
3
Calculate the remainder when 2380 is divided by 22.
4
Calculate the remainder when 68 is divided by 66.
2
Calculate the remainder when 212 is divided by 116.
96
What is the remainder when 1027 is divided by 72?
19
Calculate the remainder when 928 is divided by 464.
0
Calculate the remainder when 610 is divided by 18.
16
Calculate the remainder when 182 is divided by 65.
52
Calculate the remainder when 356 is divided by 36.
32
Calculate the remainder when 244 is divided by 63.
55
What is the remainder when 228 is divided by 115?
113
Calculate the remainder when 374 is divided by 13.
10
Calculate the remainder when 1541 is divided by 151.
31
Calculate the remainder when 310 is divided by 78.
76
Calculate the remainder when 559 is divided by 40.
39
What is the remainder when 209 is divided by 135?
74
What is the remainder when 529 is divided by 43?
13
What is the remainder when 604 is divided by 75?
4
Calculate the remainder when 103 is divided by 44.
15
Calculate the remainder when 568 is divided by 148.
124
What is the remainder when 137 is divided by 80?
57
Calculate the remainder when 102 is divided by 25.
2
Calculate the remainder when 232 is divided by 38.
4
What is the remainder when 69 is divided by 41?
28
What is the remainder when 43 is divided by 17?
9
What is the remainder when 594 is divided by 174?
72
Calculate the remainder when 64 is divided by 3.
1
Calculate the remainder when 263 is divided by 68.
59
What is the remainder when 2208 is divided by 65?
63
What is the remainder when 3999 is divided by 14?
9
Calculate the remainder when 66 is divided by 27.
12
What is the remainder when 133 is divided by 45?
43
Calculate the remainder when 764 is divided by 129.
119
What is the remainder when 704 is divided by 89?
81
What is the remainder when 793 is divided by 387?
19
What is the remainder when 93 is divided by 69?
24
Calculate the remainder when 374 is divided by 11.
0
Calculate the remainder when 22609 is divided by 35.
34
Calculate the remainder when 450 is divided by 224.
2
Calculate the remainder when 2266 is divided by 67.
55
Calculate the remainder when 96 is divided by 43.
10
What is the remainder when 276 is divided by 16?
4
What is the remainder when 4909 is divided by 307?
304
What is the remainder when 12 is divided by 4?
0
Calculate the remainder when 1390 is divided by 140.
130
What is the remainder when 16 is divided by 7?
2
Calculate the remainder when 24891 is divided by 18.
15
What is the remainder when 20745 is divided by 82?
81
What is the remainder when 6675 is divided by 11?
9
Calculate the remainder when 68 is divided by 39.
29
What is the remainder when 160 is divided by 48?
16
What is the remainder when 704 is divided by 10?
4
Calculate the remainder when 34 is divided by 23.
11
What is the remainder when 255 is divided by 119?
17
What is the remainder when 551 is divided by 278?
273
Calculate the remainder when 298 is divided by 43.
40
Calculate the remainder when 100 is divided by 94.
6
What is the remainder when 136 is divided by 6?
4
What is the remainder when 1709 is divided by 854?
1
What is the remainder when 344 is divided by 101?
41
What is the remainder when 1509 is divided by 12?
9
What is the remainder when 460 is divided by 7?
5
Calculate the remainder when 7542 is divided by 302.
294
What is the remainder when 1425 is divided by 84?
81
What is the remainder when 593 is divided by 239?
115
Calculate the remainder when 141 is divided by 9.
6
What is the remainder when 274 is divided by 55?
54
What is the remainder when 125 is divided by 43?
39
Calculate the remainder when 635 is divided by 128.
123
What is the remainder when 469 is divided by 59?
56
What is the remainder when 1212 is divided by 16?
12
Calculate the remainder when 6961 is divided by 118.
117
Calculate the remainder whe